f 11?
True
Is 3710655 a multiple of 530?
False
Does 269 divide 3698481?
True
Does 33 divide 2710716?
False
Is 39 a factor of 79053?
True
Is 30 a factor of 236430?
True
Is 15990716 a multiple of 812?
True
Is 831601 a multiple of 54?
False
Does 25 divide 2648325?
True
Does 16 divide 1346462?
False
Does 7 divide 181162?
False
Is 31 a factor of 99200?
True
Is 55913 a multiple of 21?
False
Is 10315711 a multiple of 2087?
False
Is 160 a factor of 578918?
False
Is 84150 a multiple of 31?
False
Is 1780500 a multiple of 15?
True
Does 781 divide 4350170?
True
Is 1506172 a multiple of 240?
False
Is 4 a factor of 1344528?
True
Is 60 a factor of 24869401?
False
Is 130 a factor of 4615520?
True
Is 354 a factor of 87438?
True
Is 57890 even?
True
Is 26 a factor of 704574?
True
Is 718 a factor of 768260?
True
Is 72 a factor of 1117383?
False
Is 1010544 a multiple of 222?
True
Is 10 a factor of 11975380?
True
Is 1103 a factor of 1879341?
False
Is 34 a factor of 77486?
True
Is 33 a factor of 7755?
True
Does 83 divide 124417?
True
Does 24 divide 72403?
False
Is 1726010 a multiple of 374?
True
Does 32 divide 5220928?
True
Is 1969062 a multiple of 189?
False
Is 88 a factor of 1028104?
True
Is 81110 a multiple of 6?
False
Is 204 a factor of 4346706?
False
Is 20 a factor of 437840?
True
Does 17 divide 500840?
False
Does 183 divide 1174174?
False
Is 1120018 a multiple of 454?
True
Is 1374 a factor of 844987?
False
Does 496 divide 310992?
True
Is 205 a factor of 205000?
True
Does 139 divide 807590?
True
Is 222 a factor of 3127619?
False
Is 1995103 a multiple of 48?
False
Is 153690 a multiple of 222?
False
Does 15 divide 433176?
False
Does 446 divide 2027516?
True
Is 1107 a factor of 2895770?
False
Does 6 divide 3136148?
False
Is 17 a factor of 630414?
False
Is 3290920 a multiple of 179?
False
Does 25 divide 355358?
False
Is 20 a factor of 415560?
True
Is 97 a factor of 150156?
True
Does 82 divide 10855?
False
Is 3 a factor of 71781?
True
Is 23 a factor of 252382?
False
Does 31 divide 214861?
True
Is 33696 a multiple of 72?
True
Does 234 divide 1055106?
True
Does 61 divide 1685265?
False
Is 87312 a multiple of 6?
True
Is 31 a factor of 535494?
True
Is 17 a factor of 1002595?
False
Is 135575 a multiple of 319?
True
Is 87 a factor of 1656804?
False
Is 88 a factor of 142912?
True
Does 22 divide 615650?
False
Is 313 a factor of 237701?
False
Does 162 divide 669997?
False
Is 192559 a multiple of 17?
True
Is 460 a factor of 5070580?
True
Is 11 a factor of 8893663?
False
Does 14 divide 89922?
True
Is 25 a factor of 82300?
True
Does 63 divide 581708?
False
Is 3412284 a multiple of 8?
False
Does 175 divide 20495475?
True
Is 55130 a multiple of 185?
True
Is 193506 a multiple of 8?
False
Does 33 divide 3243284?
False
Does 11 divide 293463?
False
Does 31 divide 11218?
False
Is 95 a factor of 5795?
True
Is 5699 a multiple of 35?
False
Is 14 a factor of 36742?
False
Is 874 a factor of 1907068?
True
Does 16 divide 69664?
True
Is 1224 a factor of 6719760?
True
Is 393180 a multiple of 15?
True
Does 1495 divide 1589185?
True
Is 5513514 a multiple of 25?
False
Is 1569448 a multiple of 148?
False
Is 14009 a multiple of 35?
False
Is 81 a factor of 5671?
False
Does 141 divide 2100195?
True
Does 151 divide 3180362?
True
Is 6 a factor of 124188?
True
Is 163385 a multiple of 13?
False
Does 803 divide 3092588?
False
Is 6256393 a multiple of 103?
False
Is 3226314 a multiple of 798?
True
Is 309 a factor of 71933?
False
Is 201 a factor of 57000?
False
Is 152876 a multiple of 3?
False
Is 2212738 a multiple of 46?
True
Does 12 divide 5185511?
False
Is 726 a factor of 10126248?
True
Does 43 divide 17085663?
True
Does 75 divide 4582?
False
Is 217683 a multiple of 198?
False
Is 276404 a multiple of 43?
True
Is 81788 a multiple of 161?
True
Is 44 a factor of 45009?
False
Is 80654 a multiple of 49?
True
Is 6436056 a multiple of 34?
False
Is 78 a factor of 656566?
False
Is 727 a factor of 18142565?
False
Does 26 divide 308906?
True
Is 10 a factor of 842020?
True
Is 77 a factor of 516703?
False
Is 30 a factor of 93690?
True
Is 436 a factor of 15212040?
True
Is 310 a factor of 10655320?
True
Is 661234 a multiple of 456?
False
Is 20 a factor of 90300?
True
Is 371028 a multiple of 105?
False
Does 514 divide 4314209?
False
Does 322 divide 117775?
False
Is 7951 a multiple of 116?
False
Is 38 a factor of 153710?
True
Does 171 divide 98338?
False
Does 316 divide 1522694?
False
Does 345 divide 448500?
True
Is 164785 a multiple of 160?
False
Is 3811815 a multiple of 63?
True
Does 286 divide 768196?
True
Is 258362 a multiple of 139?
False
Is 4644978 a multiple of 1209?
True
Is 557475 a multiple of 607?
False
Is 74525 a multiple of 11?
True
Is 190 a factor of 518025?
False
Is 167475 a multiple of 326?
False
Is 5648737 a multiple of 79?
True
Does 93 divide 391267?
False
Does 83 divide 303536?
False
Does 162 divide 12509478?
True
Is 4077198 a multiple of 25?
False
Does 22 divide 391204?
True
Is 92 a factor of 17759?
False
Is 1239013 a multiple of 8?
False
Does 15 divide 4709?
False
Is 10 a factor of 22332?
False
Does 109 divide 4327627?
True
Is 132190 a multiple of 512?
False
Does 4 divide 23944?
True
Is 167384 a multiple of 43?
False
Does 88 divide 4734928?
True
Is 21 a factor of 2713902?
False
Does 285 divide 440610?
True
Is 20178686 a multiple of 11?
True
Is 24 a factor of 56664?
True
Is 451 a factor of 3018543?
True
Does 123 divide 875246?
False
Is 196 a factor of 129360?
True
Does 8 divide 145456?
True
Is 13728757 a multiple of 75?
False
Is 7 a factor of 38234?
True
Is 32 a factor of 148160?
True
Is 209394 a multiple of 170?
False
Does 529 divide 5623799?
True
Is 2058666 a multiple of 283?
False
Is 4197281 a multiple of 152?
False
Does 1053 divide 638352?
False
Is 309 a factor of 450213?
True
Is 239 a factor of 61184?
True
Is 63 a factor of 26597?
False
Is 17908020 a multiple of 260?
True
Is 304 a factor of 8032787?
False
Does 301 divide 15012131?
False
Is 824 a factor of 1478256?
True
Is 258480 a multiple of 24?
True
Is 69 a factor of 56718?
True
Is 535724 a multiple of 532?
True
Is 7 a factor of 7193735?
False
Is 328810 a multiple of 5?
True
Is 2833014 a multiple of 377?
False
Is 110 a factor of 592613?
False
Is 1249752 a multiple of 519?
True
Is 13416122 a multiple of 9?
False
Does 71 divide 306649?
True
Does 29 divide 830117?
False
Is 4488 a multiple of 8?
True
Is 106012 a multiple of 40?
False
Is 11 a factor of 944218?
True
Does 36 divide 232623?
False
Does 149 divide 489465?
True
Is 5114 a multiple of 2?
True
Does 73 divide 2694255?
False
Is 152 a factor of 101251?
False
Does 11 divide 172667?
True
Does 226 divide 453558?
False
Is 42078 a multiple of 54?
False
Does 32 divide 574177?
False
Does 336 divide 18567?
False
Is 5 a factor of 187655?
True
Does 53 divide 103668?
True
Does 490 divide 4475753?
False
Does 56 divide 4240937?
False
Is 350 a factor of 60594?
False
Does 12 divide 18912?
True
Is 42 a factor of 140112?
True
Does 12 divide 39367?
False
Is 235892 a multiple of 35?
False
Does 40 divide 68707?
False
Is 27980121 a multiple of 69?
True
Is 134400 a multiple of 8?
True
Does 267 divide 1953906?
True
Is 15 a factor of 58890?
True
Is 134 a factor of 11632678?
False
Is 6 a factor of 19229?
False
Is 27336110 a multiple of 155?
True
Is 225063 a multiple of 2?
False
Is 63695 a multiple of 5?
True
Is 38010 a multiple of 30?
True
Is 13 a factor of 488241?
True
Is 2 a factor of 1541219?
False
Is 1619 a factor of 18424220?
True
Is 72 a factor of 1238516?
False
Is 34 a factor of 2409727?
False
Does 21 divide 17986?
False
Is 1041385 a multiple of 17?
False
Is 10 a factor of 286270?
True
Is 3501036 a multiple of 396?
True
Is 37 a factor of 1786250?
False
Does 554 divide 1809380?
False
Is 783285 a multiple of 18?
False
Is 70 a factor of 195615?
False
Does 123 divide 18687?
False
Is 29 a factor of 2913729?
False
Is 105 a factor of 3267861?
False
Does 15 divide 61006?
False
Is 1270050 a multiple of 30?
True
Is 75 a factor of 1197924?
False
Is 281 a factor of 404640?
True
Does 41 divide 630965?
False
Is 18 a factor of 3372618?
False
Is 10 a factor of 2177756?
False
Does 23 divide 182229?
True
Does 8 divide 13572?
False
Is 28 a factor of 290129?
False
Is 35 a factor of 504700?
True
Is 12 a factor of 251435?
False
Is